prime factors of d?
31
Let o be ((-459)/(-6) - -2)*26. Suppose -8*z - 353 = -o. What are the prime factors of z?
211
Suppose -184 = -2*b + 108. Suppose 97 = 3*k - b. Let c = k - 24. What are the prime factors of c?
3, 19
Suppose -27*j + 32*j + 30 = 0. Let t(a) = -a - 1. Let h(b) = -6*b + 2. Let l(r) = h(r) - 3*t(r). List the prime factors of l(j).
23
Let s(l) = -l**3. Let n be s(0). Suppose -3*f + 17 = 8. Suppose n = -3*t + f + 27. What are the prime factors of t?
2, 5
Let j be (-2)/4 + 1/4*14. Suppose -j*g + 13*g - 2190 = 0. List the prime factors of g.
3, 73
Suppose 5*q + 216 = 8*q. Suppose -3*h + 4*d + q = -2*h, 0 = h - 3*d - 72. List the prime factors of h.
2, 3
Suppose 3*m - 1090 = 2*w + 68, -5*m - 5*w = -1930. What are the prime factors of m?
2, 193
Suppose 5*f - 5*h + 110 = 0, h + 35 = -f + 5. Let q = 43 + f. List the prime factors of q.
17
Suppose w - 5*z - 11 = -0*z, 21 = 3*w - 3*z. Suppose w*s - 393 = -141. What are the prime factors of s?
2, 3, 7
Let t(u) = -u + 264. Let a be t(0). Suppose 2*g = -2*g + a. What are the prime factors of g?
2, 3, 11
Let z be -3 - (-5 - 0/3). Suppose -3 - 3 = -z*s. What are the prime factors of (-2)/(s/(-30)*1)?
2, 5
Let u(t) = -40*t**2 + 42*t - 100. Let w(y) = 16*y**2 - 17*y + 40. Let r(s) = -5*u(s) - 12*w(s). List the prime factors of r(5).
2, 5, 19
Let n = -2 - -4. Let p(t) = -t**3 + 3*t**2 - 1. Let d be p(n). Suppose d*g + 5*l = 4*l + 40, -g = 3*l. What are the prime factors of g?
3, 5
Suppose -4*c - 414 = -7*c. Let d = c - 68. What are the prime factors of d?
2, 5, 7
Suppose -7*h + 186 = -h. Suppose -p = -22 - h. List the prime factors of p.
53
Suppose -5*y = 3*l - 742, 3*y - 744 = -4*l + l. List the prime factors of l.
3, 83
Let n(t) = 67*t**2 + 5*t - 9. What are the prime factors of n(3)?
3, 7, 29
Suppose 5*b + 7 = -3. Let k(h) = 4*h + 2. Let z be k(b). What are the prime factors of 3/z*264/(-4)?
3, 11
Let v be 51 - (1 - 1) - -1. Let u be v - 3/12*0. Suppose u = -4*r + 8*r. What are the prime factors of r?
13
Let q(t) = t**3 - t**2 + 14. Let v be q(0). Let r be 8/6*21/v. Suppose -2*u = -4*u - 10, 2*u = -r*b. What are the prime factors of b?
5
Let o be (-28)/(-2)*(-6)/(-12). Let p(g) = -g**3 + 8*g**2 - 7*g + 2. Let z be p(o). List the prime factors of 273/12 + z/8.
23
Let m(j) = -j**3 + 4*j**2 - 3*j + 2. Let l be m(3). Suppose -l*u + 26 = -0*u. What are the prime factors of u?
13
Let o(w) = -3*w + 45. Let n be o(14). Suppose 2*t = -3*t + n*a + 592, -5*a = 3*t - 328. What are the prime factors of t?
2, 29
Suppose -15*d + 22*d - 2660 = 0. What are the prime factors of d?
2, 5, 19
Suppose 5*q = -5*d + 6*d - 979, 2*q - 2937 = -3*d. What are the prime factors of d?
11, 89
Let z = -1115 - -2287. List the prime factors of z.
2, 293
Suppose 3*o = -3, -4*d + 3125 = 15*o - 20*o. List the prime factors of d.
2, 3, 5, 13
Suppose -2*t - 755 = -7*t. What are the prime factors of t?
151
Let x be (7/2 - 4)*-6. Suppose 0*y - x*r = -y + 3, 5*y + 2*r = 32. Suppose -8*c + y*c = -50. What are the prime factors of c?
5
Let x(o) = 7*o**2 - 2*o - 1. Let f be (-1)/5 + (-22)/(-10). Let n = f + -4. What are the prime factors of x(n)?
31
Let g = -380 + 484. List the prime factors of g.
2, 13
Suppose 91*c = 77*c + 32382. List the prime factors of c.
3, 257
Suppose -z + 4*z - 5*w = 26, -5*z = -3*w - 38. Suppose 0 = -z*x - 0*x + 427. List the prime factors of x.
61
List the prime factors of (3412/(-2) + 2)*(19 + -20).
2, 3, 71
Suppose -19*o + 2659 = -666. List the prime factors of o.
5, 7
Suppose -3 - 17 = -5*u, -4*u + 24 = 2*d. Suppose 0*r - 12 = -d*r. Suppose r*t + 2*o - 79 = 0, o + 64 = 3*t - 0. List the prime factors of t.
23
Suppose 5*s - 41 - 8 = -3*x, 42 = 2*x + s. List the prime factors of x.
23
Suppose 0 = 12*n - 23158 - 5462. List the prime factors of n.
3, 5, 53
List the prime factors of ((-165)/110)/((-3)/1792).
2, 7
Let n(d) = 2*d - 21. Let c be n(7). List the prime factors of (106/6)/(c/(-21)).
53
Suppose 3*w + 9 - 15 = 0. Let m(x) = 21*x**3 + 3*x**2 + x - 4. List the prime factors of m(w).
2, 89
List the prime factors of 446 + (-90)/9*1.
2, 109
Let n be (-1 + 1)*(-4)/(-4). Suppose n*l - 2*l = -6. Suppose 0*y - l*y + 99 = 0. List the prime factors of y.
3, 11
Let n = 3546 + -2448. List the prime factors of n.
2, 3, 61
Let i be (-45)/36*(-2 - 6). Let v be ((-55)/i)/(1/2). Let z = v + 17. List the prime factors of z.
2, 3
Let o be -1 + 5 - (-1 - 61). Let w = o + 6. Suppose -l - w = -4*l. What are the prime factors of l?
2, 3
Let z(w) be the second derivative of w + w**2 + 0 - 1/2*w**3. What are the prime factors of z(-5)?
17
Let f be (-93)/(-15) - (-2)/(-10). What are the prime factors of (1 - 9/f)*-28?
2, 7
Let b be (-152)/10 + 8/(-10). Let i = -4 - b. What are the prime factors of i?
2, 3
Let d = 545 - 327. Suppose -142 = 5*o + d. Let k = o + 121. What are the prime factors of k?
7
Let b(n) = -4*n**3 - 11*n**2 + 14*n + 12. Let g(q) = -q**3 + q**2 - q - 1. Let k(i) = -b(i) + 5*g(i). What are the prime factors of k(14)?
109
Suppose -2*j - 4*y = -1294, 2*j = -41*y + 44*y + 1308. What are the prime factors of j?
3, 7, 31
Let n(x) = -x**2 + 10*x - 26. Let q be n(5). What are the prime factors of 4 + (q - 4) + 141?
2, 5, 7
Let o(w) = -w**3 + 5*w**2 + 3*w + 13. Let f be o(6). List the prime factors of 2*((-117)/(-2) + f).
107
Let u be 8*(10/4 + -2). Suppose 3*k = z + 58 + 87, u*k + 5*z = 206. What are the prime factors of k?
7
Suppose 10*d - 1502 = -3*j + 8*d, -993 = -2*j - 3*d. List the prime factors of j.
2, 3, 7
Let b(f) be the first derivative of f**3/3 - f**2 + 4*f - 3. Let d be b(-3). Let r = 33 - d. What are the prime factors of r?
2, 7
Let j(l) = l**3 - 6*l**2 - 5*l + 10. Suppose 4*p = 6*p - 32. Suppose -p + 9 = -x. List the prime factors of j(x).
2, 3
Let l be (-3)/2 + (-6)/(-24)*2. List the prime factors of (-4)/(-3 - (l + (-96)/51)).
2, 17
Suppose 5*g = -3*a + 6699, -a + 5362 = 2*g + 2*g. What are the prime factors of g?
3, 149
Let f(a) = 376*a**3 - 2*a**2 - 10*a + 11. List the prime factors of f(1).
3, 5
Let w(t) = t**2 + 10*t - 39. What are the prime factors of w(15)?
2, 3, 7
Let p(i) = 208*i**2 + 5*i + 4. List the prime factors of p(-1).
3, 23
Let l(o) = 12*o + 228. What are the prime factors of l(-7)?
2, 3
Suppose r = -2*v - v + 11, 0 = 2*v - 3*r. Suppose -1098 = v*m - 12*m. List the prime factors of m.
2, 61
Let q(w) = 61*w - 19. Let x be q(13). Suppose k - 285 = -h, -h + x = 5*k - 663. What are the prime factors of k?
2, 3
Let y(f) = 95*f**2 - 18*f + 73. What are the prime factors of y(5)?
2, 3, 131
Let b = 5 - 50. What are the prime factors of (-6)/b + (-2906)/(-30)?
97
Let c be (5 + (-327)/9)*(-3)/(-2). Let l = 173 + c. List the prime factors of l.
2, 3, 7
Let v be 16/20*(-1 - -31). Let y be 4/6 + (-16)/v. Suppose -f + 27 = -2*c + c, -4*f + 3*c + 111 = y. List the prime factors of f.
2, 3, 5
Suppose 0 = 233*k - 234*k + 418. List the prime factors of k.
2, 11, 19
Suppose -4*v = -2*p + 1294, p + 52*v = 47*v + 640. What are the prime factors of p?
3, 5, 43
Suppose -5*t + 1 + 64 = 5*r, -22 = -4*t + 2*r. Suppose 6*c - t*c = -114. List the prime factors of c.
3, 19
Let w(b) be the first derivative of -7*b**4/24 - 7*b**3/2 + 3*b**2/2 - 2. Let k(p) be the second derivative of w(p). List the prime factors of k(-12).
3, 7
Let y = -13 - -16. Let l be -2 + y - (0 - 3). Suppose -2*t - 4*n + 20 = 0, l*t + 5*n - 34 = 15. List the prime factors of t.
2
Let r = 17 - -403. List the prime factors of r.
2, 3, 5, 7
Suppose -14*p + 3038 - 630 = 0. Suppose 2*b + 28 = p. What are the prime factors of b?
2, 3
Suppose v + 3 = 3*u + 18, 2*u - v = -11. Let h(r) = 5*r**2 - 2*r - 1. Let k be h(u). Suppose -k = 20*i - 23*i. List the prime factors of i.
29
Let c be (-315)/(-20) - (-2)/8. Suppose -c = -5*m + 4. Suppose -m*j + 29 = 5. What are the prime factors of j?
2, 3
Suppose 13*k = 19*k - 2172. Suppose -4*r + o = -6*r + k, 0 = -r - 4*o + 167. What are the prime factors of r?
3, 61
Let v(a) = -7 - 5*a + 53*a + 3*a. List the prime factors of v(6).
13, 23
List the prime factors of 5 + 387 + 1 + -3 + 4.
2, 197
Suppose -4*k + 36 = -4*y, k + 15 = -5*y - 0*y. Let g(n) = 14*n - 3. What are the prime factors of g(k)?
67
Let r be 132/12*(0 - 6). Let z = r - -31. Let p = 58 + z. What are the prime factors of p?
23
Let m = 43 - 33. Suppo